CRAN Package Check Results for Package ORTSC

Last updated on 2024-05-17 22:56:52 CEST.

Flavor Version Tinstall Tcheck Ttotal Status Flags
r-devel-linux-x86_64-debian-clang 1.0.0 3.36 38.38 41.74 NOTE
r-devel-linux-x86_64-debian-gcc 1.0.0 3.42 29.61 33.03 NOTE
r-devel-linux-x86_64-fedora-clang 1.0.0 54.43 NOTE
r-devel-linux-x86_64-fedora-gcc 1.0.0 78.34 NOTE
r-devel-windows-x86_64 1.0.0 5.00 56.00 61.00 NOTE
r-patched-linux-x86_64 1.0.0 4.32 36.68 41.00 NOTE
r-release-linux-x86_64 1.0.0 4.55 36.28 40.83 NOTE
r-release-macos-arm64 1.0.0 22.00 NOTE
r-release-windows-x86_64 1.0.0 5.00 56.00 61.00 NOTE
r-oldrel-macos-arm64 1.0.0 24.00 NOTE
r-oldrel-macos-x86_64 1.0.0 29.00 NOTE
r-oldrel-windows-x86_64 1.0.0 5.00 57.00 62.00 NOTE

Check Details

Version: 1.0.0
Check: LazyData
Result: NOTE 'LazyData' is specified without a 'data' directory Flavors: r-devel-linux-x86_64-debian-clang, r-devel-linux-x86_64-debian-gcc, r-devel-linux-x86_64-fedora-clang, r-devel-linux-x86_64-fedora-gcc, r-devel-windows-x86_64, r-patched-linux-x86_64, r-release-linux-x86_64, r-release-macos-arm64, r-release-windows-x86_64, r-oldrel-macos-arm64, r-oldrel-macos-x86_64, r-oldrel-windows-x86_64