CRAN Package Check Results for Package OTrecod

Last updated on 2021-11-28 22:51:22 CET.

Flavor Version Tinstall Tcheck Ttotal Status Flags
r-devel-linux-x86_64-debian-clang 0.1.1 OK
r-devel-linux-x86_64-debian-gcc 0.1.1 16.60 248.20 264.80 OK
r-devel-linux-x86_64-fedora-clang 0.1.1 434.94 NOTE
r-devel-linux-x86_64-fedora-gcc 0.1.1 465.13 OK
r-devel-windows-x86_64-new-UL 0.1.1 35.00 412.00 447.00 OK
r-devel-windows-x86_64-new-TK 0.1.1 OK
r-devel-windows-x86_64-old 0.1.1 26.00 311.00 337.00 OK
r-patched-linux-x86_64 0.1.1 20.24 321.53 341.77 OK
r-patched-solaris-x86 0.1.1 433.00 OK
r-release-linux-x86_64 0.1.1 19.42 332.77 352.19 OK
r-release-macos-arm64 0.1.1 OK
r-release-macos-x86_64 0.1.1 OK
r-release-windows-ix86+x86_64 0.1.1 43.00 414.00 457.00 OK
r-oldrel-macos-x86_64 0.1.1 OK
r-oldrel-windows-ix86+x86_64 0.1.1 44.00 424.00 468.00 OK

Check Details

Version: 0.1.1
Check: Rd cross-references
Result: NOTE
    Undeclared package ‘survey’ in Rd xrefs
Flavor: r-devel-linux-x86_64-fedora-clang