Last updated on 2023-03-29 23:09:10 CEST.
Flavor | Version | Tinstall | Tcheck | Ttotal | Status | Flags |
---|---|---|---|---|---|---|
r-devel-linux-x86_64-debian-clang | 0.6.1 | 9.43 | 92.45 | 101.88 | OK | |
r-devel-linux-x86_64-debian-gcc | 0.6.1 | 7.57 | 70.65 | 78.22 | OK | |
r-devel-linux-x86_64-fedora-clang | 0.6.1 | 126.84 | NOTE | |||
r-devel-linux-x86_64-fedora-gcc | 0.6.1 | 128.84 | OK | |||
r-devel-windows-x86_64 | 0.6.1 | 77.00 | 128.00 | 205.00 | OK | |
r-patched-linux-x86_64 | 0.6.1 | 8.92 | 87.09 | 96.01 | OK | |
r-release-linux-x86_64 | 0.6.1 | 5.90 | 90.46 | 96.36 | OK | |
r-release-macos-arm64 | 0.6.1 | 46.00 | OK | |||
r-release-macos-x86_64 | 0.6.1 | 67.00 | OK | |||
r-release-windows-x86_64 | 0.6.1 | 64.00 | 140.00 | 204.00 | OK | |
r-oldrel-macos-arm64 | 0.6.1 | 53.00 | OK | |||
r-oldrel-macos-x86_64 | 0.6.1 | 71.00 | OK | |||
r-oldrel-windows-ix86+x86_64 | 0.6.1 | 25.00 | 127.00 | 152.00 | OK |
Version: 0.6.1
Check: package dependencies
Result: NOTE
Imports includes 23 non-default packages.
Importing from so many packages makes the package vulnerable to any of
them becoming unavailable. Move as many as possible to Suggests and
use conditionally.
Flavor: r-devel-linux-x86_64-fedora-clang