CRAN Package Check Results for Package OptCirClust

Last updated on 2022-05-21 22:58:20 CEST.

Flavor Version Tinstall Tcheck Ttotal Status Flags
r-devel-linux-x86_64-debian-clang 0.0.4 24.08 66.69 90.77 OK
r-devel-linux-x86_64-debian-gcc 0.0.4 16.82 52.27 69.09 OK
r-devel-linux-x86_64-fedora-clang 0.0.4 111.62 NOTE
r-devel-linux-x86_64-fedora-gcc 0.0.4 110.26 NOTE
r-devel-windows-x86_64 0.0.4 39.00 109.00 148.00 OK
r-patched-linux-x86_64 0.0.4 19.94 65.87 85.81 OK
r-release-linux-x86_64 0.0.4 18.15 64.52 82.67 OK
r-release-macos-arm64 0.0.4 35.00 NOTE
r-release-macos-x86_64 0.0.4 45.00 NOTE
r-release-windows-x86_64 0.0.4 38.00 118.00 156.00 OK
r-oldrel-macos-arm64 0.0.4 42.00 NOTE
r-oldrel-macos-x86_64 0.0.4 47.00 NOTE
r-oldrel-windows-ix86+x86_64 0.0.4 53.00 123.00 176.00 OK

Check Details

Version: 0.0.4
Check: dependencies in R code
Result: NOTE
    Namespace in Imports field not imported from: ‘reshape2’
     All declared Imports should be used.
Flavors: r-devel-linux-x86_64-fedora-clang, r-devel-linux-x86_64-fedora-gcc, r-release-macos-arm64, r-release-macos-x86_64, r-oldrel-macos-arm64, r-oldrel-macos-x86_64