CRAN Package Check Results for Package OptM

Last updated on 2022-01-27 23:01:11 CET.

Flavor Version Tinstall Tcheck Ttotal Status Flags
r-devel-linux-x86_64-debian-clang 0.1.6 2.57 45.47 48.04 OK
r-devel-linux-x86_64-debian-gcc 0.1.6 2.58 34.44 37.02 OK
r-devel-linux-x86_64-fedora-clang 0.1.6 58.50 NOTE
r-devel-linux-x86_64-fedora-gcc 0.1.6 46.89 NOTE
r-devel-windows-x86_64-new-UL 0.1.6 117.00 63.00 180.00 OK
r-devel-windows-x86_64-new-TK 0.1.6 NOTE
r-patched-linux-x86_64 0.1.6 3.13 43.45 46.58 OK
r-release-linux-x86_64 0.1.6 2.84 44.05 46.89 OK
r-release-macos-arm64 0.1.6 NOTE
r-release-macos-x86_64 0.1.6 NOTE
r-release-windows-ix86+x86_64 0.1.6 7.00 53.00 60.00 OK
r-oldrel-macos-x86_64 0.1.6 NOTE
r-oldrel-windows-ix86+x86_64 0.1.6 8.00 53.00 61.00 OK

Check Details

Version: 0.1.6
Check: dependencies in R code
Result: NOTE
    Namespaces in Imports field not imported from:
     ‘boot’ ‘splines’
     All declared Imports should be used.
Flavors: r-devel-linux-x86_64-fedora-clang, r-devel-linux-x86_64-fedora-gcc, r-devel-windows-x86_64-new-TK, r-release-macos-arm64, r-release-macos-x86_64, r-oldrel-macos-x86_64