CRAN Package Check Results for Package PAMpal

Last updated on 2022-08-15 23:00:42 CEST.

Flavor Version Tinstall Tcheck Ttotal Status Flags
r-devel-linux-x86_64-debian-clang 0.16.0 33.04 227.07 260.11 OK
r-devel-linux-x86_64-debian-gcc 0.16.0 27.67 168.00 195.67 OK
r-devel-linux-x86_64-fedora-clang 0.16.0 315.82 NOTE
r-devel-linux-x86_64-fedora-gcc 0.16.0 312.44 NOTE
r-devel-windows-x86_64 0.16.0 80.00 232.00 312.00 OK
r-patched-linux-x86_64 0.16.0 41.51 235.06 276.57 OK
r-release-linux-x86_64 0.16.0 27.26 239.38 266.64 OK
r-release-macos-arm64 0.16.0 139.00 NOTE
r-release-macos-x86_64 0.16.0 231.00 NOTE
r-release-windows-x86_64 0.16.0 112.00 225.00 337.00 OK
r-oldrel-macos-arm64 0.16.0 101.00 NOTE
r-oldrel-macos-x86_64 0.16.0 148.00 NOTE
r-oldrel-windows-ix86+x86_64 0.16.0 58.00 234.00 292.00 OK

Check Details

Version: 0.16.0
Check: dependencies in R code
Result: NOTE
    Namespace in Imports field not imported from: ‘rstudioapi’
     All declared Imports should be used.
Flavors: r-devel-linux-x86_64-fedora-clang, r-devel-linux-x86_64-fedora-gcc, r-release-macos-arm64, r-release-macos-x86_64, r-oldrel-macos-arm64, r-oldrel-macos-x86_64