CRAN Package Check Results for Package PBSmodelling

Last updated on 2021-12-07 22:59:38 CET.

Flavor Version Tinstall Tcheck Ttotal Status Flags
r-devel-linux-x86_64-debian-clang 2.68.8 23.63 119.07 142.70 OK
r-devel-linux-x86_64-debian-gcc 2.68.8 16.30 92.57 108.87 OK
r-devel-linux-x86_64-fedora-clang 2.68.8 189.41 NOTE
r-devel-linux-x86_64-fedora-gcc 2.68.8 171.09 OK
r-devel-windows-x86_64-new-UL 2.68.8 55.00 166.00 221.00 OK
r-devel-windows-x86_64-new-TK 2.68.8 OK
r-devel-windows-x86_64-old 2.68.8 29.00 154.00 183.00 OK
r-patched-linux-x86_64 2.68.8 23.83 117.66 141.49 OK
r-release-linux-x86_64 2.68.8 22.01 119.51 141.52 OK
r-release-macos-arm64 2.68.8 NOTE
r-release-macos-x86_64 2.68.8 NOTE
r-release-windows-ix86+x86_64 2.68.8 24.00 141.00 165.00 OK
r-oldrel-macos-x86_64 2.68.8 NOTE
r-oldrel-windows-ix86+x86_64 2.68.8 36.00 139.00 175.00 OK

Check Details

Version: 2.68.8
Check: installed package size
Result: NOTE
     installed size is 5.3Mb
     sub-directories of 1Mb or more:
     doc 1.3Mb
     examples 1.7Mb
Flavors: r-devel-linux-x86_64-fedora-clang, r-release-macos-arm64, r-release-macos-x86_64, r-oldrel-macos-x86_64