CRAN Package Check Results for Package PMAPscore

Last updated on 2024-02-20 23:54:02 CET.

Flavor Version Tinstall Tcheck Ttotal Status Flags
r-devel-linux-x86_64-debian-clang 0.1.1 OK
r-devel-linux-x86_64-debian-gcc 0.1.1 35.42 297.05 332.47 OK
r-devel-linux-x86_64-fedora-clang 0.1.1 546.76 NOTE
r-devel-linux-x86_64-fedora-gcc 0.1.1 542.57 NOTE
r-devel-windows-x86_64 0.1.1 39.00 298.00 337.00 OK
r-patched-linux-x86_64 0.1.1 37.72 386.27 423.99 OK
r-release-linux-x86_64 0.1.1 38.03 377.78 415.81 OK
r-release-macos-arm64 0.1.1 138.00 OK
r-release-macos-x86_64 0.1.1 272.00 OK
r-release-windows-x86_64 0.1.1 52.00 385.00 437.00 OK
r-oldrel-macos-arm64 0.1.1 135.00 NOTE
r-oldrel-windows-x86_64 0.1.1 52.00 360.00 412.00 OK

Check Details

Version: 0.1.1
Check: dependencies in R code
Result: NOTE Namespaces in Imports field not imported from: ‘base’ ‘grDevices’ All declared Imports should be used. Flavors: r-devel-linux-x86_64-fedora-clang, r-devel-linux-x86_64-fedora-gcc, r-oldrel-macos-arm64