CRAN Package Check Results for Package POUMM

Last updated on 2022-01-27 23:01:13 CET.

Flavor Version Tinstall Tcheck Ttotal Status Flags
r-devel-linux-x86_64-debian-clang 2.1.7 38.71 228.65 267.36 OK
r-devel-linux-x86_64-debian-gcc 2.1.7 35.53 167.60 203.13 OK
r-devel-linux-x86_64-fedora-clang 2.1.7 317.02 NOTE
r-devel-linux-x86_64-fedora-gcc 2.1.7 322.58 OK
r-devel-windows-x86_64-new-UL 2.1.7 72.00 272.00 344.00 OK
r-devel-windows-x86_64-new-TK 2.1.7 OK
r-patched-linux-x86_64 2.1.7 40.68 209.05 249.73 OK
r-release-linux-x86_64 2.1.7 37.84 207.69 245.53 OK
r-release-macos-arm64 2.1.7 NOTE
r-release-macos-x86_64 2.1.7 NOTE
r-release-windows-ix86+x86_64 2.1.7 93.00 322.00 415.00 OK
r-oldrel-macos-x86_64 2.1.7 NOTE
r-oldrel-windows-ix86+x86_64 2.1.7 94.00 334.00 428.00 OK

Check Details

Version: 2.1.7
Check: installed package size
Result: NOTE
     installed size is 6.1Mb
     sub-directories of 1Mb or more:
     libs 5.3Mb
Flavors: r-devel-linux-x86_64-fedora-clang, r-release-macos-arm64, r-release-macos-x86_64, r-oldrel-macos-x86_64