CRAN Package Check Results for Package PROBShiny

Last updated on 2022-05-22 22:51:47 CEST.

Flavor Version Tinstall Tcheck Ttotal Status Flags
r-devel-linux-x86_64-debian-clang 0.1.0 2.01 28.90 30.91 NOTE
r-devel-linux-x86_64-debian-gcc 0.1.0 1.33 22.92 24.25 NOTE
r-devel-linux-x86_64-fedora-clang 0.1.0 38.06 NOTE
r-devel-linux-x86_64-fedora-gcc 0.1.0 37.84 NOTE
r-devel-windows-x86_64 0.1.0 9.00 53.00 62.00 NOTE
r-patched-linux-x86_64 0.1.0 1.78 27.60 29.38 NOTE
r-release-linux-x86_64 0.1.0 1.90 28.14 30.04 NOTE
r-release-macos-arm64 0.1.0 14.00 NOTE
r-release-macos-x86_64 0.1.0 22.00 NOTE
r-release-windows-x86_64 0.1.0 12.00 49.00 61.00 NOTE
r-oldrel-macos-arm64 0.1.0 18.00 NOTE
r-oldrel-macos-x86_64 0.1.0 22.00 NOTE
r-oldrel-windows-ix86+x86_64 0.1.0 7.00 39.00 46.00 NOTE

Check Details

Version: 0.1.0
Check: LazyData
Result: NOTE
     'LazyData' is specified without a 'data' directory
Flavors: r-devel-linux-x86_64-debian-clang, r-devel-linux-x86_64-debian-gcc, r-devel-linux-x86_64-fedora-clang, r-devel-linux-x86_64-fedora-gcc, r-devel-windows-x86_64, r-patched-linux-x86_64, r-release-linux-x86_64, r-release-macos-arm64, r-release-macos-x86_64, r-release-windows-x86_64, r-oldrel-macos-arm64, r-oldrel-macos-x86_64, r-oldrel-windows-ix86+x86_64

Version: 0.1.0
Check: dependencies in R code
Result: NOTE
    Namespaces in Imports field not imported from:
     ‘LaplacesDemon’ ‘epitools’ ‘rpivotTable’ ‘shiny’ ‘shinyMatrix’
     All declared Imports should be used.
Flavors: r-devel-linux-x86_64-fedora-clang, r-devel-linux-x86_64-fedora-gcc, r-release-macos-arm64, r-release-macos-x86_64, r-oldrel-macos-arm64, r-oldrel-macos-x86_64