CRAN Package Check Results for Package PROJ

Last updated on 2024-02-21 23:11:38 CET.

Flavor Version Tinstall Tcheck Ttotal Status Flags
r-devel-linux-x86_64-debian-clang 0.4.5 OK
r-devel-linux-x86_64-debian-gcc 0.4.5 4.63 24.82 29.45 OK
r-devel-linux-x86_64-fedora-clang 0.4.5 50.03 OK
r-devel-linux-x86_64-fedora-gcc 0.4.5 59.52 OK
r-devel-windows-x86_64 0.4.5 13.00 169.00 182.00 NOTE
r-patched-linux-x86_64 0.4.5 5.62 30.46 36.08 OK
r-release-linux-x86_64 0.4.5 6.22 31.05 37.27 OK
r-release-macos-arm64 0.4.5 48.00 NOTE
r-release-macos-x86_64 0.4.5 81.00 OK
r-release-windows-x86_64 0.4.5 14.00 205.00 219.00 NOTE
r-oldrel-macos-arm64 0.4.5 41.00 NOTE
r-oldrel-windows-x86_64 0.4.5 15.00 134.00 149.00 NOTE

Check Details

Version: 0.4.5
Check: installed package size
Result: NOTE installed size is 23.6Mb sub-directories of 1Mb or more: libs 15.0Mb proj 8.4Mb Flavors: r-devel-windows-x86_64, r-release-macos-arm64, r-release-windows-x86_64, r-oldrel-macos-arm64, r-oldrel-windows-x86_64