CRAN Package Check Results for Package PSGD

Last updated on 2024-02-21 23:11:38 CET.

Flavor Version Tinstall Tcheck Ttotal Status Flags
r-devel-linux-x86_64-debian-clang 1.0.3 OK
r-devel-linux-x86_64-debian-gcc 1.0.3 98.41 26.85 125.26 OK
r-devel-linux-x86_64-fedora-clang 1.0.3 238.89 OK
r-devel-linux-x86_64-fedora-gcc 1.0.3 239.32 OK
r-devel-windows-x86_64 1.0.3 100.00 70.00 170.00 OK
r-patched-linux-x86_64 1.0.3 117.40 33.97 151.37 OK
r-release-linux-x86_64 1.0.3 113.97 34.06 148.03 OK
r-release-macos-arm64 1.0.3 58.00 NOTE
r-release-macos-x86_64 1.0.3 72.00 NOTE
r-release-windows-x86_64 1.0.3 125.00 76.00 201.00 OK
r-oldrel-macos-arm64 1.0.3 63.00 NOTE
r-oldrel-windows-x86_64 1.0.3 111.00 72.00 183.00 OK

Check Details

Version: 1.0.3
Check: installed package size
Result: NOTE installed size is 5.5Mb sub-directories of 1Mb or more: libs 5.4Mb Flavors: r-release-macos-arm64, r-release-macos-x86_64, r-oldrel-macos-arm64