CRAN Package Check Results for Package PSGD

Last updated on 2022-09-25 22:54:02 CEST.

Flavor Version Tinstall Tcheck Ttotal Status Flags
r-devel-linux-x86_64-debian-clang 1.0.1 113.61 35.77 149.38 OK
r-devel-linux-x86_64-debian-gcc 1.0.1 95.72 27.45 123.17 OK
r-devel-linux-x86_64-fedora-clang 1.0.1 252.27 WARN
r-devel-linux-x86_64-fedora-gcc 1.0.1 208.72 OK
r-devel-windows-x86_64 1.0.1 94.00 86.00 180.00 OK
r-patched-linux-x86_64 1.0.1 101.17 34.21 135.38 OK
r-release-linux-x86_64 1.0.1 98.44 33.71 132.15 OK
r-release-macos-arm64 1.0.1 56.00 NOTE
r-release-macos-x86_64 1.0.1 71.00 NOTE
r-release-windows-x86_64 1.0.1 90.00 84.00 174.00 OK
r-oldrel-macos-arm64 1.0.1 51.00 NOTE
r-oldrel-macos-x86_64 1.0.1 78.00 NOTE
r-oldrel-windows-ix86+x86_64 1.0.1 278.00 84.00 362.00 OK

Additional issues

clang15

Check Details

Version: 1.0.1
Check: whether package can be installed
Result: WARN
    Found the following significant warnings:
     Logistic_Model.cpp:8:14: warning: invalid UTF-8 in comment [-Winvalid-utf8]
     ./Logistic_Model.hpp:8:13: warning: invalid UTF-8 in comment [-Winvalid-utf8]
     Main_CV_PSGD.cpp:8:14: warning: invalid UTF-8 in comment [-Winvalid-utf8]
     ./PSGD.hpp:8:13: warning: invalid UTF-8 in comment [-Winvalid-utf8]
     ./PS_Model.hpp:8:13: warning: invalid UTF-8 in comment [-Winvalid-utf8]
     ./Set_Diff.hpp:8:14: warning: invalid UTF-8 in comment [-Winvalid-utf8]
     Main_PSGD.cpp:8:14: warning: invalid UTF-8 in comment [-Winvalid-utf8]
     PSGD.cpp:8:13: warning: invalid UTF-8 in comment [-Winvalid-utf8]
     PS_Model.cpp:8:13: warning: invalid UTF-8 in comment [-Winvalid-utf8]
     ./Stepwise_Split.hpp:8:14: warning: invalid UTF-8 in comment [-Winvalid-utf8]
     ./Step_Model.hpp:8:14: warning: invalid UTF-8 in comment [-Winvalid-utf8]
     ./Model_Functions.hpp:8:14: warning: invalid UTF-8 in comment [-Winvalid-utf8]
     Step_Model.cpp:8:14: warning: invalid UTF-8 in comment [-Winvalid-utf8]
Flavor: r-devel-linux-x86_64-fedora-clang

Version: 1.0.1
Check: installed package size
Result: NOTE
     installed size is 5.5Mb
     sub-directories of 1Mb or more:
     libs 5.4Mb
Flavors: r-release-macos-arm64, r-release-macos-x86_64, r-oldrel-macos-arm64, r-oldrel-macos-x86_64