Last updated on 2023-09-24 22:59:48 CEST.
Flavor | Version | Tinstall | Tcheck | Ttotal | Status | Flags |
---|---|---|---|---|---|---|
r-devel-linux-x86_64-debian-clang | 1.0.3 | 121.23 | 35.69 | 156.92 | OK | |
r-devel-linux-x86_64-debian-gcc | 1.0.3 | 83.11 | 27.11 | 110.22 | OK | |
r-devel-linux-x86_64-fedora-clang | 1.0.3 | 246.55 | OK | |||
r-devel-linux-x86_64-fedora-gcc | 1.0.3 | 249.37 | OK | |||
r-devel-windows-x86_64 | 1.0.3 | 99.00 | 64.00 | 163.00 | OK | |
r-patched-linux-x86_64 | 1.0.3 | 120.35 | 34.85 | 155.20 | OK | |
r-release-linux-x86_64 | 1.0.3 | 113.51 | 33.93 | 147.44 | OK | |
r-release-macos-arm64 | 1.0.3 | 58.00 | NOTE | |||
r-release-macos-x86_64 | 1.0.3 | 72.00 | NOTE | |||
r-release-windows-x86_64 | 1.0.3 | 124.00 | 75.00 | 199.00 | OK | |
r-oldrel-macos-arm64 | 1.0.3 | 63.00 | NOTE | |||
r-oldrel-macos-x86_64 | 1.0.3 | 70.00 | NOTE | |||
r-oldrel-windows-x86_64 | 1.0.3 | 110.00 | 72.00 | 182.00 | OK |
Version: 1.0.3
Check: installed package size
Result: NOTE
installed size is 5.5Mb
sub-directories of 1Mb or more:
libs 5.4Mb
Flavors: r-release-macos-arm64, r-release-macos-x86_64, r-oldrel-macos-arm64, r-oldrel-macos-x86_64