CRAN Package Check Results for Package PSSMCOOL

Last updated on 2024-02-20 23:54:03 CET.

Flavor Version Tinstall Tcheck Ttotal Status Flags
r-devel-linux-x86_64-debian-clang 0.2.4 OK
r-devel-linux-x86_64-debian-gcc 0.2.4 4.37 58.22 62.59 OK
r-devel-linux-x86_64-fedora-clang 0.2.4 104.06 NOTE
r-devel-linux-x86_64-fedora-gcc 0.2.4 111.94 OK
r-devel-windows-x86_64 0.2.4 6.00 87.00 93.00 OK
r-patched-linux-x86_64 0.2.4 5.85 77.39 83.24 OK
r-release-linux-x86_64 0.2.4 5.11 76.68 81.79 OK
r-release-macos-arm64 0.2.4 39.00 OK
r-release-macos-x86_64 0.2.4 63.00 OK
r-release-windows-x86_64 0.2.4 5.00 98.00 103.00 OK
r-oldrel-macos-arm64 0.2.4 33.00 OK
r-oldrel-windows-x86_64 0.2.4 8.00 96.00 104.00 OK

Check Details

Version: 0.2.4
Check: Rd cross-references
Result: NOTE Undeclared package ‘entropy’ in Rd xrefs Flavor: r-devel-linux-x86_64-fedora-clang