CRAN Package Check Results for Package PakPMICS2018mn

Last updated on 2022-05-21 22:58:20 CEST.

Flavor Version Tinstall Tcheck Ttotal Status Flags
r-devel-linux-x86_64-debian-clang 0.1.0 6.51 55.67 62.18 OK
r-devel-linux-x86_64-debian-gcc 0.1.0 6.62 42.05 48.67 OK
r-devel-linux-x86_64-fedora-clang 0.1.0 76.07 NOTE
r-devel-linux-x86_64-fedora-gcc 0.1.0 75.07 NOTE
r-devel-windows-x86_64 0.1.0 17.00 73.00 90.00 OK
r-patched-linux-x86_64 0.1.0 8.40 52.88 61.28 OK
r-release-linux-x86_64 0.1.0 7.69 52.64 60.33 OK
r-release-macos-arm64 0.1.0 25.00 NOTE
r-release-macos-x86_64 0.1.0 36.00 NOTE
r-release-windows-x86_64 0.1.0 27.00 72.00 99.00 OK
r-oldrel-macos-arm64 0.1.0 28.00 NOTE
r-oldrel-macos-x86_64 0.1.0 41.00 NOTE
r-oldrel-windows-ix86+x86_64 0.1.0 17.00 65.00 82.00 OK

Check Details

Version: 0.1.0
Check: data for non-ASCII characters
Result: NOTE
     Note: found 4 marked UTF-8 strings
Flavors: r-devel-linux-x86_64-fedora-clang, r-devel-linux-x86_64-fedora-gcc, r-release-macos-arm64, r-release-macos-x86_64, r-oldrel-macos-arm64, r-oldrel-macos-x86_64