CRAN Package Check Results for Package ParBayesianOptimization

Last updated on 2021-12-02 22:56:01 CET.

Flavor Version Tinstall Tcheck Ttotal Status Flags
r-devel-linux-x86_64-debian-clang 1.2.4 8.12 154.22 162.34 NOTE
r-devel-linux-x86_64-debian-gcc 1.2.4 5.94 140.51 146.45 NOTE
r-devel-linux-x86_64-fedora-clang 1.2.4 191.39 NOTE
r-devel-linux-x86_64-fedora-gcc 1.2.4 188.49 NOTE
r-devel-windows-x86_64-new-UL 1.2.4 19.00 204.00 223.00 NOTE
r-devel-windows-x86_64-new-TK 1.2.4 NOTE
r-devel-windows-x86_64-old 1.2.4 13.00 142.00 155.00 NOTE
r-patched-linux-x86_64 1.2.4 8.19 150.40 158.59 NOTE
r-patched-solaris-x86 1.2.4 149.70 NOTE
r-release-linux-x86_64 1.2.4 6.72 140.90 147.62 NOTE
r-release-macos-arm64 1.2.4 NOTE
r-release-macos-x86_64 1.2.4 NOTE
r-release-windows-ix86+x86_64 1.2.4 17.00 175.00 192.00 NOTE
r-oldrel-macos-x86_64 1.2.4 OK
r-oldrel-windows-ix86+x86_64 1.2.4 20.00 175.00 195.00 OK

Check Details

Version: 1.2.4
Check: LazyData
Result: NOTE
     'LazyData' is specified without a 'data' directory
Flavors: r-devel-linux-x86_64-debian-clang, r-devel-linux-x86_64-debian-gcc, r-devel-linux-x86_64-fedora-clang, r-devel-linux-x86_64-fedora-gcc, r-devel-windows-x86_64-new-UL, r-devel-windows-x86_64-new-TK, r-devel-windows-x86_64-old, r-patched-linux-x86_64, r-patched-solaris-x86, r-release-linux-x86_64, r-release-macos-arm64, r-release-macos-x86_64, r-release-windows-ix86+x86_64