CRAN Package Check Results for Package ParamHelpers

Last updated on 2022-01-24 22:56:35 CET.

Flavor Version Tinstall Tcheck Ttotal Status Flags
r-devel-linux-x86_64-debian-clang 1.14 8.24 80.84 89.08 NOTE
r-devel-linux-x86_64-debian-gcc 1.14 5.24 60.41 65.65 NOTE
r-devel-linux-x86_64-fedora-clang 1.14 106.96 NOTE
r-devel-linux-x86_64-fedora-gcc 1.14 96.78 NOTE
r-devel-windows-x86_64-new-UL 1.14 267.00 106.00 373.00 NOTE
r-devel-windows-x86_64-new-TK 1.14 NOTE
r-patched-linux-x86_64 1.14 8.36 77.12 85.48 NOTE
r-release-linux-x86_64 1.14 6.61 77.91 84.52 NOTE
r-release-macos-arm64 1.14 NOTE
r-release-macos-x86_64 1.14 NOTE
r-release-windows-ix86+x86_64 1.14 16.00 124.00 140.00 NOTE
r-oldrel-macos-x86_64 1.14 OK
r-oldrel-windows-ix86+x86_64 1.14 15.00 124.00 139.00 OK

Check Details

Version: 1.14
Check: LazyData
Result: NOTE
     'LazyData' is specified without a 'data' directory
Flavors: r-devel-linux-x86_64-debian-clang, r-devel-linux-x86_64-debian-gcc, r-devel-linux-x86_64-fedora-clang, r-devel-linux-x86_64-fedora-gcc, r-devel-windows-x86_64-new-UL, r-devel-windows-x86_64-new-TK, r-patched-linux-x86_64, r-release-linux-x86_64, r-release-macos-arm64, r-release-macos-x86_64, r-release-windows-ix86+x86_64