CRAN Package Check Results for Package PerMallows

Last updated on 2022-01-27 23:01:12 CET.

Flavor Version Tinstall Tcheck Ttotal Status Flags
r-devel-linux-x86_64-debian-clang 1.13 21.33 42.95 64.28 NOTE
r-devel-linux-x86_64-debian-gcc 1.13 14.99 33.72 48.71 NOTE
r-devel-linux-x86_64-fedora-clang 1.13 93.13 NOTE
r-devel-linux-x86_64-fedora-gcc 1.13 67.08 NOTE
r-devel-windows-x86_64-new-UL 1.13 92.00 91.00 183.00 OK
r-devel-windows-x86_64-new-TK 1.13 OK
r-patched-linux-x86_64 1.13 19.59 40.62 60.21 NOTE
r-release-linux-x86_64 1.13 19.85 40.56 60.41 NOTE
r-release-macos-arm64 1.13 OK
r-release-macos-x86_64 1.13 OK
r-release-windows-ix86+x86_64 1.13 52.00 81.00 133.00 OK
r-oldrel-macos-x86_64 1.13 OK
r-oldrel-windows-ix86+x86_64 1.13 52.00 78.00 130.00 OK

Additional issues

rchk

Check Details

Version: 1.13
Check: for non-standard things in the check directory
Result: NOTE
    Found the following files/directories:
     'permus_per_dist_4' 'permus_per_shape_bin_4_0'
     'permus_per_shape_bin_4_1' 'permus_per_shape_bin_4_2'
     'permus_per_shape_bin_4_3'
Flavors: r-devel-linux-x86_64-debian-clang, r-devel-linux-x86_64-debian-gcc, r-devel-linux-x86_64-fedora-clang, r-devel-linux-x86_64-fedora-gcc, r-patched-linux-x86_64, r-release-linux-x86_64