CRAN Package Check Results for Package PerseusR

Last updated on 2023-02-06 00:52:38 CET.

Flavor Version Tinstall Tcheck Ttotal Status Flags
r-devel-linux-x86_64-debian-clang 0.3.4 9.00 65.08 74.08 NOTE
r-devel-linux-x86_64-debian-gcc 0.3.4 6.40 48.92 55.32 NOTE
r-devel-linux-x86_64-fedora-clang 0.3.4 97.82 NOTE
r-devel-linux-x86_64-fedora-gcc 0.3.4 99.35 NOTE
r-devel-windows-x86_64 0.3.4 28.00 100.00 128.00 NOTE
r-patched-linux-x86_64 0.3.4 12.44 62.29 74.73 NOTE
r-release-linux-x86_64 0.3.4 8.81 61.28 70.09 NOTE
r-release-macos-arm64 0.3.4 28.00 NOTE
r-release-macos-x86_64 0.3.4 40.00 NOTE
r-release-windows-x86_64 0.3.4 31.00 101.00 132.00 NOTE
r-oldrel-macos-arm64 0.3.4 35.00 NOTE
r-oldrel-macos-x86_64 0.3.4 45.00 NOTE
r-oldrel-windows-ix86+x86_64 0.3.4 18.00 92.00 110.00 NOTE

Check Details

Version: 0.3.4
Check: LazyData
Result: NOTE
     'LazyData' is specified without a 'data' directory
Flavors: r-devel-linux-x86_64-debian-clang, r-devel-linux-x86_64-debian-gcc, r-devel-linux-x86_64-fedora-clang, r-devel-linux-x86_64-fedora-gcc, r-devel-windows-x86_64, r-patched-linux-x86_64, r-release-linux-x86_64, r-release-macos-arm64, r-release-macos-x86_64, r-release-windows-x86_64, r-oldrel-macos-arm64, r-oldrel-macos-x86_64, r-oldrel-windows-ix86+x86_64