CRAN Package Check Results for Package PetfindeR

Last updated on 2022-05-21 22:58:21 CEST.

Flavor Version Tinstall Tcheck Ttotal Status Flags
r-devel-linux-x86_64-debian-clang 2.1.0 2.77 35.05 37.82 NOTE
r-devel-linux-x86_64-debian-gcc 2.1.0 2.16 27.26 29.42 NOTE
r-devel-linux-x86_64-fedora-clang 2.1.0 45.40 NOTE
r-devel-linux-x86_64-fedora-gcc 2.1.0 44.07 NOTE
r-devel-windows-x86_64 2.1.0 16.00 55.00 71.00 NOTE
r-patched-linux-x86_64 2.1.0 2.71 33.81 36.52 NOTE
r-release-linux-x86_64 2.1.0 2.61 33.29 35.90 NOTE
r-release-macos-arm64 2.1.0 17.00 NOTE
r-release-macos-x86_64 2.1.0 24.00 NOTE
r-release-windows-x86_64 2.1.0 20.00 57.00 77.00 NOTE
r-oldrel-macos-arm64 2.1.0 19.00 NOTE
r-oldrel-macos-x86_64 2.1.0 25.00 NOTE
r-oldrel-windows-ix86+x86_64 2.1.0 8.00 46.00 54.00 NOTE

Check Details

Version: 2.1.0
Check: LazyData
Result: NOTE
     'LazyData' is specified without a 'data' directory
Flavors: r-devel-linux-x86_64-debian-clang, r-devel-linux-x86_64-debian-gcc, r-devel-linux-x86_64-fedora-clang, r-devel-linux-x86_64-fedora-gcc, r-devel-windows-x86_64, r-patched-linux-x86_64, r-release-linux-x86_64, r-release-macos-arm64, r-release-macos-x86_64, r-release-windows-x86_64, r-oldrel-macos-arm64, r-oldrel-macos-x86_64, r-oldrel-windows-ix86+x86_64

Version: 2.1.0
Check: dependencies in R code
Result: NOTE
    Namespace in Imports field not imported from: ‘R6’
     All declared Imports should be used.
Flavors: r-devel-linux-x86_64-fedora-clang, r-devel-linux-x86_64-fedora-gcc, r-release-macos-arm64, r-release-macos-x86_64, r-oldrel-macos-arm64, r-oldrel-macos-x86_64