CRAN Package Check Results for Package PlaneGeometry

Last updated on 2024-02-20 23:54:02 CET.

Flavor Version Tinstall Tcheck Ttotal Status Flags
r-devel-linux-x86_64-debian-clang 1.6.0 OK
r-devel-linux-x86_64-debian-gcc 1.6.0 31.90 252.75 284.65 OK
r-devel-linux-x86_64-fedora-clang 1.6.0 495.54 NOTE
r-devel-linux-x86_64-fedora-gcc 1.6.0 467.95 OK
r-devel-windows-x86_64 1.6.0 30.00 243.00 273.00 NOTE
r-patched-linux-x86_64 1.6.0 31.72 331.25 362.97 OK
r-release-linux-x86_64 1.6.0 25.02 334.34 359.36 OK
r-release-macos-arm64 1.6.0 123.00 NOTE
r-release-macos-x86_64 1.6.0 245.00 NOTE
r-release-windows-x86_64 1.6.0 40.00 321.00 361.00 NOTE
r-oldrel-macos-arm64 1.6.0 117.00 NOTE
r-oldrel-windows-x86_64 1.6.0 39.00 312.00 351.00 NOTE

Check Details

Version: 1.6.0
Check: installed package size
Result: NOTE installed size is 7.0Mb sub-directories of 1Mb or more: doc 5.9Mb Flavors: r-devel-linux-x86_64-fedora-clang, r-devel-windows-x86_64, r-release-macos-arm64, r-release-macos-x86_64, r-release-windows-x86_64, r-oldrel-macos-arm64, r-oldrel-windows-x86_64