CRAN Package Check Results for Package PointFore

Last updated on 2022-01-25 22:57:05 CET.

Flavor Version Tinstall Tcheck Ttotal Status Flags
r-devel-linux-x86_64-debian-clang 0.2.0 5.22 136.04 141.26 OK
r-devel-linux-x86_64-debian-gcc 0.2.0 5.19 101.48 106.67 OK
r-devel-linux-x86_64-fedora-clang 0.2.0 162.59 NOTE
r-devel-linux-x86_64-fedora-gcc 0.2.0 153.54 NOTE
r-devel-windows-x86_64-new-UL 0.2.0 39.00 152.00 191.00 OK
r-devel-windows-x86_64-new-TK 0.2.0 ERROR
r-patched-linux-x86_64 0.2.0 4.88 130.94 135.82 OK
r-release-linux-x86_64 0.2.0 3.95 129.52 133.47 OK
r-release-macos-arm64 0.2.0 NOTE
r-release-macos-x86_64 0.2.0 NOTE
r-release-windows-ix86+x86_64 0.2.0 15.00 161.00 176.00 OK
r-oldrel-macos-x86_64 0.2.0 NOTE
r-oldrel-windows-ix86+x86_64 0.2.0 15.00 190.00 205.00 OK

Check Details

Version: 0.2.0
Check: dependencies in R code
Result: NOTE
    Namespaces in Imports field not imported from:
     ‘car’ ‘lubridate’
     All declared Imports should be used.
Flavors: r-devel-linux-x86_64-fedora-clang, r-devel-linux-x86_64-fedora-gcc, r-release-macos-arm64, r-release-macos-x86_64, r-oldrel-macos-x86_64

Version: 0.2.0
Check: package dependencies
Result: ERROR
    Package required but not available: 'car'
    
    See section 'The DESCRIPTION file' in the 'Writing R Extensions'
    manual.
Flavor: r-devel-windows-x86_64-new-TK