CRAN Package Check Results for Package PolicyPortfolios

Last updated on 2022-05-28 22:55:15 CEST.

Flavor Version Tinstall Tcheck Ttotal Status Flags
r-devel-linux-x86_64-debian-clang 0.3 14.33 134.14 148.47 OK
r-devel-linux-x86_64-debian-gcc 0.3 10.70 100.30 111.00 OK
r-devel-linux-x86_64-fedora-clang 0.3 174.67 NOTE
r-devel-linux-x86_64-fedora-gcc 0.3 167.19 NOTE
r-devel-windows-x86_64 0.3 32.00 162.00 194.00 OK
r-patched-linux-x86_64 0.3 20.20 127.25 147.45 OK
r-release-linux-x86_64 0.3 11.97 124.77 136.74 OK
r-release-macos-arm64 0.3 48.00 NOTE
r-release-macos-x86_64 0.3 95.00 NOTE
r-release-windows-x86_64 0.3 43.00 152.00 195.00 OK
r-oldrel-macos-arm64 0.3 39.00 NOTE
r-oldrel-macos-x86_64 0.3 65.00 NOTE
r-oldrel-windows-ix86+x86_64 0.3 29.00 138.00 167.00 OK

Check Details

Version: 0.3
Check: data for non-ASCII characters
Result: NOTE
     Note: found 21 marked UTF-8 strings
Flavors: r-devel-linux-x86_64-fedora-clang, r-devel-linux-x86_64-fedora-gcc, r-release-macos-arm64, r-release-macos-x86_64, r-oldrel-macos-arm64, r-oldrel-macos-x86_64