CRAN Package Check Results for Package PortfolioEffectHFT

Last updated on 2022-01-23 22:49:50 CET.

Flavor Version Tinstall Tcheck Ttotal Status Flags
r-devel-linux-x86_64-debian-clang 1.8 12.69 100.53 113.22 OK
r-devel-linux-x86_64-debian-gcc 1.8 11.89 83.50 95.39 OK
r-devel-linux-x86_64-fedora-clang 1.8 137.91 NOTE
r-devel-linux-x86_64-fedora-gcc 1.8 126.35 OK
r-devel-windows-x86_64-new-UL 1.8 814.00 160.00 974.00 NOTE
r-devel-windows-x86_64-new-TK 1.8 OK
r-patched-linux-x86_64 1.8 12.62 94.33 106.95 OK
r-release-linux-x86_64 1.8 10.21 94.15 104.36 OK
r-release-macos-arm64 1.8 NOTE
r-release-macos-x86_64 1.8 NOTE
r-release-windows-ix86+x86_64 1.8 30.00 123.00 153.00 NOTE
r-oldrel-macos-x86_64 1.8 NOTE
r-oldrel-windows-ix86+x86_64 1.8 30.00 121.00 151.00 NOTE

Check Details

Version: 1.8
Check: installed package size
Result: NOTE
     installed size is 6.4Mb
     sub-directories of 1Mb or more:
     java 5.1Mb
Flavors: r-devel-linux-x86_64-fedora-clang, r-devel-windows-x86_64-new-UL, r-release-macos-arm64, r-release-macos-x86_64, r-release-windows-ix86+x86_64, r-oldrel-macos-x86_64, r-oldrel-windows-ix86+x86_64