CRAN Package Check Results for Package PubMedMining

Last updated on 2023-02-08 23:15:24 CET.

Flavor Version Tinstall Tcheck Ttotal Status Flags
r-devel-linux-x86_64-debian-clang 1.0.0 2.18 24.03 26.21 NOTE
r-devel-linux-x86_64-debian-gcc 1.0.0 1.68 18.44 20.12 NOTE
r-devel-linux-x86_64-fedora-clang 1.0.0 33.83 NOTE
r-devel-linux-x86_64-fedora-gcc 1.0.0 42.69 NOTE
r-devel-windows-x86_64 1.0.0 12.00 53.00 65.00 NOTE
r-patched-linux-x86_64 1.0.0 1.50 24.54 26.04 NOTE
r-release-linux-x86_64 1.0.0 1.68 23.39 25.07 NOTE
r-release-macos-arm64 1.0.0 16.00 NOTE
r-release-macos-x86_64 1.0.0 22.00 NOTE
r-release-windows-x86_64 1.0.0 14.00 56.00 70.00 NOTE
r-oldrel-macos-arm64 1.0.0 28.00 NOTE
r-oldrel-macos-x86_64 1.0.0 23.00 NOTE
r-oldrel-windows-ix86+x86_64 1.0.0 5.00 49.00 54.00 NOTE

Check Details

Version: 1.0.0
Check: LazyData
Result: NOTE
     'LazyData' is specified without a 'data' directory
Flavors: r-devel-linux-x86_64-debian-clang, r-devel-linux-x86_64-debian-gcc, r-devel-linux-x86_64-fedora-clang, r-devel-linux-x86_64-fedora-gcc, r-devel-windows-x86_64, r-patched-linux-x86_64, r-release-linux-x86_64, r-release-macos-arm64, r-release-macos-x86_64, r-release-windows-x86_64, r-oldrel-macos-arm64, r-oldrel-macos-x86_64, r-oldrel-windows-ix86+x86_64