CRAN Package Check Results for Package PublicationBias

Last updated on 2022-01-16 22:51:22 CET.

Flavor Version Tinstall Tcheck Ttotal Status Flags
r-devel-linux-x86_64-debian-clang 2.2.0 8.43 98.23 106.66 NOTE
r-devel-linux-x86_64-debian-gcc 2.2.0 8.16 83.72 91.88 NOTE
r-devel-linux-x86_64-fedora-clang 2.2.0 141.05 NOTE
r-devel-linux-x86_64-fedora-gcc 2.2.0 116.86 NOTE
r-devel-windows-x86_64-new-UL 2.2.0 50.00 113.00 163.00 NOTE
r-devel-windows-x86_64-new-TK 2.2.0 NOTE
r-patched-linux-x86_64 2.2.0 6.81 93.25 100.06 NOTE
r-release-linux-x86_64 2.2.0 NOTE
r-release-macos-arm64 2.2.0 NOTE
r-release-macos-x86_64 2.2.0 NOTE
r-release-windows-ix86+x86_64 2.2.0 24.00 110.00 134.00 NOTE
r-oldrel-macos-x86_64 2.2.0 NOTE
r-oldrel-windows-ix86+x86_64 2.2.0 23.00 107.00 130.00 OK

Check Details

Version: 2.2.0
Check: LazyData
Result: NOTE
     'LazyData' is specified without a 'data' directory
Flavors: r-devel-linux-x86_64-debian-clang, r-devel-linux-x86_64-debian-gcc, r-devel-linux-x86_64-fedora-clang, r-devel-linux-x86_64-fedora-gcc, r-devel-windows-x86_64-new-UL, r-devel-windows-x86_64-new-TK, r-patched-linux-x86_64, r-release-linux-x86_64, r-release-macos-arm64, r-release-macos-x86_64, r-release-windows-ix86+x86_64

Version: 2.2.0
Check: dependencies in R code
Result: NOTE
    Namespace in Imports field not imported from: ‘Rdpack’
     All declared Imports should be used.
Flavors: r-devel-linux-x86_64-fedora-clang, r-devel-linux-x86_64-fedora-gcc, r-devel-windows-x86_64-new-TK, r-release-macos-arm64, r-release-macos-x86_64, r-oldrel-macos-x86_64