CRAN Package Check Results for Package PupilPre

Last updated on 2022-01-26 22:55:00 CET.

Flavor Version Tinstall Tcheck Ttotal Status Flags
r-devel-linux-x86_64-debian-clang 0.6.2 10.68 151.62 162.30 OK
r-devel-linux-x86_64-debian-gcc 0.6.2 9.12 111.10 120.22 OK
r-devel-linux-x86_64-fedora-clang 0.6.2 187.51 NOTE
r-devel-linux-x86_64-fedora-gcc 0.6.2 177.27 OK
r-devel-windows-x86_64-new-UL 0.6.2 76.00 188.00 264.00 OK
r-devel-windows-x86_64-new-TK 0.6.2 OK
r-patched-linux-x86_64 0.6.2 17.08 145.99 163.07 OK
r-release-linux-x86_64 0.6.2 7.23 145.21 152.44 OK
r-release-macos-arm64 0.6.2 OK
r-release-macos-x86_64 0.6.2 OK
r-release-windows-ix86+x86_64 0.6.2 24.00 177.00 201.00 OK
r-oldrel-macos-x86_64 0.6.2 OK
r-oldrel-windows-ix86+x86_64 0.6.2 24.00 179.00 203.00 OK

Check Details

Version: 0.6.2
Check: Rd cross-references
Result: NOTE
    Undeclared package ‘tibble’ in Rd xrefs
Flavor: r-devel-linux-x86_64-fedora-clang