CRAN Package Check Results for Package QAIG

Last updated on 2024-02-25 23:02:17 CET.

Flavor Version Tinstall Tcheck Ttotal Status Flags
r-devel-linux-x86_64-debian-clang 0.1.7 2.57 34.92 37.49 NOTE
r-devel-linux-x86_64-debian-gcc 0.1.7 2.45 26.68 29.13 NOTE
r-devel-linux-x86_64-fedora-clang 0.1.7 47.85 NOTE
r-devel-linux-x86_64-fedora-gcc 0.1.7 56.51 NOTE
r-devel-windows-x86_64 0.1.7 4.00 48.00 52.00 NOTE
r-patched-linux-x86_64 0.1.7 2.33 33.60 35.93 NOTE
r-release-linux-x86_64 0.1.7 2.33 33.16 35.49 NOTE
r-release-macos-arm64 0.1.7 24.00 NOTE
r-release-macos-x86_64 0.1.7 37.00 NOTE
r-release-windows-x86_64 0.1.7 5.00 49.00 54.00 NOTE
r-oldrel-macos-arm64 0.1.7 20.00 NOTE
r-oldrel-windows-x86_64 0.1.7 5.00 52.00 57.00 NOTE

Check Details

Version: 0.1.7
Check: LazyData
Result: NOTE 'LazyData' is specified without a 'data' directory Flavors: r-devel-linux-x86_64-debian-clang, r-devel-linux-x86_64-debian-gcc, r-devel-linux-x86_64-fedora-clang, r-devel-linux-x86_64-fedora-gcc, r-devel-windows-x86_64, r-patched-linux-x86_64, r-release-linux-x86_64, r-release-macos-arm64, r-release-macos-x86_64, r-release-windows-x86_64, r-oldrel-macos-arm64, r-oldrel-windows-x86_64