Last updated on 2022-07-05 22:50:30 CEST.
Flavor | Version | Tinstall | Tcheck | Ttotal | Status | Flags |
---|---|---|---|---|---|---|
r-devel-linux-x86_64-debian-clang | 3.16 | 49.93 | 89.12 | 139.05 | OK | |
r-devel-linux-x86_64-debian-gcc | 3.16 | 44.65 | 67.13 | 111.78 | OK | |
r-devel-linux-x86_64-fedora-clang | 3.16 | 181.98 | NOTE | |||
r-devel-linux-x86_64-fedora-gcc | 3.16 | 178.96 | OK | |||
r-devel-windows-x86_64 | 3.16 | 152.00 | 150.00 | 302.00 | NOTE | |
r-patched-linux-x86_64 | 3.16 | 50.02 | 85.44 | 135.46 | OK | |
r-release-linux-x86_64 | 3.16 | 41.58 | 85.56 | 127.14 | OK | |
r-release-macos-arm64 | 3.16 | 42.00 | NOTE | |||
r-release-macos-x86_64 | 3.16 | 85.00 | NOTE | |||
r-release-windows-x86_64 | 3.16 | 212.00 | 119.00 | 331.00 | NOTE | |
r-oldrel-macos-arm64 | 3.16 | 42.00 | NOTE | |||
r-oldrel-macos-x86_64 | 3.16 | 77.00 | NOTE | |||
r-oldrel-windows-ix86+x86_64 | 3.16 | 197.00 | 143.00 | 340.00 | NOTE |
Version: 3.16
Check: installed package size
Result: NOTE
installed size is 8.1Mb
sub-directories of 1Mb or more:
gui 1.7Mb
libs 2.5Mb
staticdocs 3.3Mb
Flavors: r-devel-linux-x86_64-fedora-clang, r-devel-windows-x86_64, r-release-macos-arm64, r-release-macos-x86_64, r-release-windows-x86_64, r-oldrel-macos-arm64, r-oldrel-macos-x86_64, r-oldrel-windows-ix86+x86_64