CRAN Package Check Results for Package QCSimulator

Last updated on 2022-01-15 21:52:21 CET.

Flavor Version Tinstall Tcheck Ttotal Status Flags
r-devel-linux-x86_64-debian-clang 0.0.1 5.01 62.23 67.24 NOTE
r-devel-linux-x86_64-debian-gcc 0.0.1 3.25 46.59 49.84 NOTE
r-devel-linux-x86_64-fedora-clang 0.0.1 82.76 NOTE
r-devel-linux-x86_64-fedora-gcc 0.0.1 69.39 NOTE
r-devel-windows-x86_64-new-UL 0.0.1 86.00 94.00 180.00 NOTE
r-devel-windows-x86_64-new-TK 0.0.1 NOTE
r-patched-linux-x86_64 0.0.1 5.52 57.44 62.96 NOTE
r-release-linux-x86_64 0.0.1 5.41 58.21 63.62 NOTE
r-release-macos-arm64 0.0.1 NOTE
r-release-macos-x86_64 0.0.1 NOTE
r-release-windows-ix86+x86_64 0.0.1 14.00 76.00 90.00 NOTE
r-oldrel-macos-x86_64 0.0.1 OK
r-oldrel-windows-ix86+x86_64 0.0.1 14.00 75.00 89.00 OK

Check Details

Version: 0.0.1
Check: LazyData
Result: NOTE
     'LazyData' is specified without a 'data' directory
Flavors: r-devel-linux-x86_64-debian-clang, r-devel-linux-x86_64-debian-gcc, r-devel-linux-x86_64-fedora-clang, r-devel-linux-x86_64-fedora-gcc, r-devel-windows-x86_64-new-UL, r-devel-windows-x86_64-new-TK, r-patched-linux-x86_64, r-release-linux-x86_64, r-release-macos-arm64, r-release-macos-x86_64, r-release-windows-ix86+x86_64