CRAN Package Check Results for Package QFASA

Last updated on 2022-01-27 23:01:13 CET.

Flavor Version Tinstall Tcheck Ttotal Status Flags
r-devel-linux-x86_64-debian-clang 1.1.1 200.00 104.32 304.32 OK
r-devel-linux-x86_64-debian-gcc 1.1.1 170.35 78.82 249.17 OK
r-devel-linux-x86_64-fedora-clang 1.1.1 465.32 NOTE
r-devel-linux-x86_64-fedora-gcc 1.1.1 435.18 OK
r-devel-windows-x86_64-new-UL 1.1.1 163.00 194.00 357.00 NOTE
r-devel-windows-x86_64-new-TK 1.1.1 OK
r-patched-linux-x86_64 1.1.1 190.28 99.33 289.61 OK
r-release-linux-x86_64 1.1.1 174.74 99.87 274.61 OK
r-release-macos-arm64 1.1.1 NOTE
r-release-macos-x86_64 1.1.1 NOTE
r-release-windows-ix86+x86_64 1.1.1 196.00 145.00 341.00 NOTE
r-oldrel-macos-x86_64 1.1.1 NOTE
r-oldrel-windows-ix86+x86_64 1.1.1 194.00 138.00 332.00 NOTE

Check Details

Version: 1.1.1
Check: installed package size
Result: NOTE
     installed size is 53.6Mb
     sub-directories of 1Mb or more:
     libs 53.0Mb
Flavors: r-devel-linux-x86_64-fedora-clang, r-devel-windows-x86_64-new-UL, r-release-macos-arm64, r-release-macos-x86_64, r-release-windows-ix86+x86_64, r-oldrel-macos-x86_64, r-oldrel-windows-ix86+x86_64