CRAN Package Check Results for Package R.SamBada

Last updated on 2022-08-15 23:00:45 CEST.

Flavor Version Tinstall Tcheck Ttotal Status Flags
r-devel-linux-x86_64-debian-clang 0.1.3 6.74 63.43 70.17 NOTE
r-devel-linux-x86_64-debian-gcc 0.1.3 4.24 47.28 51.52 NOTE
r-devel-linux-x86_64-fedora-clang 0.1.3 92.20 NOTE
r-devel-linux-x86_64-fedora-gcc 0.1.3 97.70 NOTE
r-devel-windows-x86_64 0.1.3 28.00 88.00 116.00 OK
r-patched-linux-x86_64 0.1.3 4.68 58.77 63.45 NOTE
r-release-linux-x86_64 0.1.3 6.72 58.93 65.65 NOTE
r-release-macos-arm64 0.1.3 28.00 OK
r-release-macos-x86_64 0.1.3 39.00 OK
r-release-windows-x86_64 0.1.3 29.00 90.00 119.00 OK
r-oldrel-macos-arm64 0.1.3 27.00 OK
r-oldrel-macos-x86_64 0.1.3 38.00 OK
r-oldrel-windows-ix86+x86_64 0.1.3 11.00 88.00 99.00 OK

Check Details

Version: 0.1.3
Check: package dependencies
Result: NOTE
    Package suggested but not available for checking: 'gdalUtils'
Flavors: r-devel-linux-x86_64-debian-clang, r-devel-linux-x86_64-debian-gcc, r-devel-linux-x86_64-fedora-clang, r-devel-linux-x86_64-fedora-gcc, r-patched-linux-x86_64, r-release-linux-x86_64