CRAN Package Check Results for Package R.methodsS3

Last updated on 2022-01-23 22:49:51 CET.

Flavor Version Tinstall Tcheck Ttotal Status Flags
r-devel-linux-x86_64-debian-clang 1.8.1 2.30 35.22 37.52 OK
r-devel-linux-x86_64-debian-gcc 1.8.1 1.86 30.61 32.47 OK
r-devel-linux-x86_64-fedora-clang 1.8.1 47.20 NOTE
r-devel-linux-x86_64-fedora-gcc 1.8.1 36.16 OK
r-devel-windows-x86_64-new-UL 1.8.1 104.00 54.00 158.00 OK
r-devel-windows-x86_64-new-TK 1.8.1 OK
r-patched-linux-x86_64 1.8.1 2.58 34.47 37.05 OK
r-release-linux-x86_64 1.8.1 1.96 34.13 36.09 OK
r-release-macos-arm64 1.8.1 OK
r-release-macos-x86_64 1.8.1 OK
r-release-windows-ix86+x86_64 1.8.1 7.00 45.00 52.00 OK
r-oldrel-macos-x86_64 1.8.1 OK
r-oldrel-windows-ix86+x86_64 1.8.1 5.00 30.00 35.00 OK

Check Details

Version: 1.8.1
Check: Rd cross-references
Result: NOTE
    Undeclared package ‘R.oo’ in Rd xrefs
Flavor: r-devel-linux-x86_64-fedora-clang