CRAN Package Check Results for Package R2BayesX

Last updated on 2022-01-24 22:56:38 CET.

Flavor Version Tinstall Tcheck Ttotal Status Flags
r-devel-linux-x86_64-debian-clang 1.1-1.1 21.99 154.54 176.53 OK
r-devel-linux-x86_64-debian-gcc 1.1-1.1 15.95 115.39 131.34 OK
r-devel-linux-x86_64-fedora-clang 1.1-1.1 211.92 NOTE
r-devel-linux-x86_64-fedora-gcc 1.1-1.1 204.01 OK
r-devel-windows-x86_64-new-UL 1.1-1.1 188.00 197.00 385.00 OK
r-devel-windows-x86_64-new-TK 1.1-1.1 OK
r-patched-linux-x86_64 1.1-1.1 19.43 149.11 168.54 OK
r-release-linux-x86_64 1.1-1.1 21.43 148.08 169.51 OK
r-release-macos-arm64 1.1-1.1 OK
r-release-macos-x86_64 1.1-1.1 OK
r-release-windows-ix86+x86_64 1.1-1.1 39.00 238.00 277.00 OK
r-oldrel-macos-x86_64 1.1-1.1 OK
r-oldrel-windows-ix86+x86_64 1.1-1.1 39.00 235.00 274.00 OK

Check Details

Version: 1.1-1.1
Check: Rd cross-references
Result: NOTE
    Undeclared package ‘fields’ in Rd xrefs
Flavor: r-devel-linux-x86_64-fedora-clang