CRAN Package Check Results for Package R2MLwiN

Last updated on 2022-01-21 23:02:01 CET.

Flavor Version Tinstall Tcheck Ttotal Status Flags
r-devel-linux-x86_64-debian-clang 0.8-7 53.29 200.25 253.54 OK
r-devel-linux-x86_64-debian-gcc 0.8-7 53.08 148.59 201.67 OK
r-devel-linux-x86_64-fedora-clang 0.8-7 324.95 NOTE
r-devel-linux-x86_64-fedora-gcc 0.8-7 299.17 OK
r-devel-windows-x86_64-new-UL 0.8-7 118.00 208.00 326.00 OK
r-devel-windows-x86_64-new-TK 0.8-7 OK
r-patched-linux-x86_64 0.8-7 57.25 188.88 246.13 OK
r-release-linux-x86_64 0.8-7 40.09 188.71 228.80 OK
r-release-macos-arm64 0.8-7 OK
r-release-macos-x86_64 0.8-7 OK
r-release-windows-ix86+x86_64 0.8-7 101.00 214.00 315.00 OK
r-oldrel-macos-x86_64 0.8-7 OK
r-oldrel-windows-ix86+x86_64 0.8-7 102.00 219.00 321.00 OK

Check Details

Version: 0.8-7
Check: Rd cross-references
Result: NOTE
    Undeclared package ‘generics’ in Rd xrefs
Flavor: r-devel-linux-x86_64-fedora-clang