CRAN Package Check Results for Package R2SWF

Last updated on 2021-11-28 22:51:24 CET.

Flavor Version Tinstall Tcheck Ttotal Status Flags
r-devel-linux-x86_64-debian-clang 0.9-6 OK
r-devel-linux-x86_64-debian-gcc 0.9-6 15.89 22.86 38.75 OK
r-devel-linux-x86_64-fedora-clang 0.9-6 77.59 OK
r-devel-linux-x86_64-fedora-gcc 0.9-6 64.87 OK
r-devel-windows-x86_64-new-UL 0.9-6 73.00 130.00 203.00 OK
r-devel-windows-x86_64-new-TK 0.9-6 OK
r-devel-windows-x86_64-old 0.9-6 30.00 55.00 85.00 OK
r-patched-linux-x86_64 0.9-6 18.85 28.60 47.45 OK
r-patched-solaris-x86 0.9-6 104.90 OK
r-release-linux-x86_64 0.9-6 17.88 28.54 46.42 OK
r-release-macos-arm64 0.9-6 NOTE
r-release-macos-x86_64 0.9-6 NOTE
r-release-windows-ix86+x86_64 0.9-6 70.00 52.00 122.00 OK
r-oldrel-macos-x86_64 0.9-6 NOTE
r-oldrel-windows-ix86+x86_64 0.9-6 53.00 67.00 120.00 OK

Check Details

Version: 0.9-6
Check: installed package size
Result: NOTE
     installed size is 17.5Mb
     sub-directories of 1Mb or more:
     libs 17.4Mb
Flavors: r-release-macos-arm64, r-release-macos-x86_64, r-oldrel-macos-x86_64