CRAN Package Check Results for Package R6P

Last updated on 2022-01-24 22:56:38 CET.

Flavor Version Tinstall Tcheck Ttotal Status Flags
r-devel-linux-x86_64-debian-clang 0.2.2 3.10 36.08 39.18 OK
r-devel-linux-x86_64-debian-gcc 0.2.2 2.55 28.28 30.83 OK
r-devel-linux-x86_64-fedora-clang 0.2.2 49.07 NOTE
r-devel-linux-x86_64-fedora-gcc 0.2.2 37.90 NOTE
r-devel-windows-x86_64-new-UL 0.2.2 23.00 59.00 82.00 OK
r-devel-windows-x86_64-new-TK 0.2.2 NOTE
r-patched-linux-x86_64 0.2.2 3.56 34.56 38.12 OK
r-release-linux-x86_64 0.2.2 2.00 34.78 36.78 OK
r-release-macos-arm64 0.2.2 NOTE
r-release-macos-x86_64 0.2.2 NOTE
r-release-windows-ix86+x86_64 0.2.2 7.00 48.00 55.00 OK
r-oldrel-macos-x86_64 0.2.2 NOTE
r-oldrel-windows-ix86+x86_64 0.2.2 7.00 46.00 53.00 OK

Check Details

Version: 0.2.2
Check: dependencies in R code
Result: NOTE
    Namespaces in Imports field not imported from:
     ‘R6’ ‘collections’ ‘dplyr’
     All declared Imports should be used.
Flavors: r-devel-linux-x86_64-fedora-clang, r-devel-linux-x86_64-fedora-gcc, r-devel-windows-x86_64-new-TK, r-release-macos-arm64, r-release-macos-x86_64, r-oldrel-macos-x86_64