CRAN Package Check Results for Package RClickhouse

Last updated on 2021-11-28 22:51:24 CET.

Flavor Version Tinstall Tcheck Ttotal Status Flags
r-devel-linux-x86_64-debian-clang 0.5.2 NOTE
r-devel-linux-x86_64-debian-gcc 0.5.2 75.44 45.00 120.44 NOTE
r-devel-linux-x86_64-fedora-clang 0.5.2 266.09 NOTE
r-devel-linux-x86_64-fedora-gcc 0.5.2 211.96 NOTE
r-devel-windows-x86_64-new-UL 0.5.2 160.00 135.00 295.00 NOTE
r-devel-windows-x86_64-new-TK 0.5.2 NOTE
r-devel-windows-x86_64-old 0.5.2 110.00 96.00 206.00 NOTE
r-patched-linux-x86_64 0.5.2 92.95 54.45 147.40 NOTE
r-patched-solaris-x86 0.5.2 202.70 NOTE
r-release-linux-x86_64 0.5.2 94.22 54.81 149.03 NOTE
r-release-macos-arm64 0.5.2 NOTE
r-release-macos-x86_64 0.5.2 NOTE
r-release-windows-ix86+x86_64 0.5.2 270.00 101.00 371.00 NOTE
r-oldrel-macos-x86_64 0.5.2 NOTE
r-oldrel-windows-ix86+x86_64 0.5.2 194.00 123.00 317.00 OK

Check Details

Version: 0.5.2
Check: LazyData
Result: NOTE
     'LazyData' is specified without a 'data' directory
Flavors: r-devel-linux-x86_64-debian-clang, r-devel-linux-x86_64-debian-gcc, r-devel-linux-x86_64-fedora-clang, r-devel-linux-x86_64-fedora-gcc, r-devel-windows-x86_64-new-UL, r-devel-windows-x86_64-new-TK, r-devel-windows-x86_64-old, r-patched-linux-x86_64, r-patched-solaris-x86, r-release-linux-x86_64, r-release-macos-arm64, r-release-macos-x86_64, r-release-windows-ix86+x86_64

Version: 0.5.2
Check: installed package size
Result: NOTE
     installed size is 10.7Mb
     sub-directories of 1Mb or more:
     libs 10.4Mb
Flavors: r-devel-linux-x86_64-fedora-clang, r-release-macos-arm64, r-release-macos-x86_64, r-oldrel-macos-x86_64