Last updated on 2023-03-22 21:58:09 CET.
Flavor | Version | Tinstall | Tcheck | Ttotal | Status | Flags |
---|---|---|---|---|---|---|
r-devel-linux-x86_64-debian-clang | 1.98-1.10 | 22.17 | 54.24 | 76.41 | NOTE | |
r-devel-linux-x86_64-debian-gcc | 1.98-1.10 | 17.39 | 41.33 | 58.72 | NOTE | |
r-devel-linux-x86_64-fedora-clang | 1.98-1.10 | 98.66 | NOTE | |||
r-devel-linux-x86_64-fedora-gcc | 1.98-1.10 | 92.68 | NOTE | |||
r-devel-windows-x86_64 | 1.98-1.10 | 126.00 | 191.00 | 317.00 | NOTE | |
r-patched-linux-x86_64 | 1.98-1.10 | 17.44 | 51.44 | 68.88 | NOTE | |
r-release-linux-x86_64 | 1.98-1.10 | 16.99 | 51.31 | 68.30 | NOTE | |
r-release-macos-arm64 | 1.98-1.10 | 84.00 | NOTE | |||
r-release-macos-x86_64 | 1.98-1.10 | 118.00 | NOTE | |||
r-release-windows-x86_64 | 1.98-1.10 | 68.00 | 200.00 | 268.00 | NOTE | |
r-oldrel-macos-arm64 | 1.98-1.10 | 92.00 | NOTE | |||
r-oldrel-macos-x86_64 | 1.98-1.10 | 119.00 | NOTE | |||
r-oldrel-windows-ix86+x86_64 | 1.98-1.10 | 52.00 | 186.00 | 238.00 | NOTE |
Version: 1.98-1.10
Check: dependencies in R code
Result: NOTE
There are ::: calls to the package's namespace in its code. A package
almost never needs to use ::: for its own objects:
‘PercentCodes’
Flavors: r-devel-linux-x86_64-debian-clang, r-devel-linux-x86_64-debian-gcc, r-devel-linux-x86_64-fedora-clang, r-devel-linux-x86_64-fedora-gcc, r-devel-windows-x86_64
Version: 1.98-1.10
Check: for GNU extensions in Makefiles
Result: NOTE
GNU make is a SystemRequirements.
Flavors: r-devel-linux-x86_64-debian-clang, r-devel-linux-x86_64-debian-gcc, r-devel-linux-x86_64-fedora-clang, r-devel-linux-x86_64-fedora-gcc, r-devel-windows-x86_64, r-patched-linux-x86_64, r-release-linux-x86_64, r-release-macos-arm64, r-release-macos-x86_64, r-release-windows-x86_64, r-oldrel-macos-arm64, r-oldrel-macos-x86_64, r-oldrel-windows-ix86+x86_64
Version: 1.98-1.10
Check: installed package size
Result: NOTE
installed size is 9.4Mb
sub-directories of 1Mb or more:
libs 7.4Mb
Flavors: r-devel-windows-x86_64, r-release-windows-x86_64, r-oldrel-windows-ix86+x86_64