CRAN Package Check Results for Package REAT

Last updated on 2021-11-29 22:59:22 CET.

Flavor Version Tinstall Tcheck Ttotal Status Flags
r-devel-linux-x86_64-debian-clang 3.0.3 8.05 60.94 68.99 OK
r-devel-linux-x86_64-debian-gcc 3.0.3 6.07 46.53 52.60 OK
r-devel-linux-x86_64-fedora-clang 3.0.3 94.54 NOTE
r-devel-linux-x86_64-fedora-gcc 3.0.3 82.24 NOTE
r-devel-windows-x86_64-new-UL 3.0.3 21.00 106.00 127.00 OK
r-devel-windows-x86_64-new-TK 3.0.3 NOTE
r-devel-windows-x86_64-old 3.0.3 12.00 65.00 77.00 OK
r-patched-linux-x86_64 3.0.3 9.61 58.38 67.99 OK
r-patched-solaris-x86 3.0.3 104.00 NOTE
r-release-linux-x86_64 3.0.3 6.65 58.87 65.52 OK
r-release-macos-arm64 3.0.3 NOTE
r-release-macos-x86_64 3.0.3 NOTE
r-release-windows-ix86+x86_64 3.0.3 13.00 77.00 90.00 OK
r-oldrel-macos-x86_64 3.0.3 NOTE
r-oldrel-windows-ix86+x86_64 3.0.3 12.00 61.00 73.00 OK

Check Details

Version: 3.0.3
Check: data for non-ASCII characters
Result: NOTE
     Note: found 8 marked UTF-8 strings
Flavors: r-devel-linux-x86_64-fedora-clang, r-devel-linux-x86_64-fedora-gcc, r-devel-windows-x86_64-new-TK, r-patched-solaris-x86, r-release-macos-arm64, r-release-macos-x86_64, r-oldrel-macos-x86_64