CRAN Package Check Results for Package RItools

Last updated on 2024-02-22 23:14:12 CET.

Flavor Version Tinstall Tcheck Ttotal Status Flags
r-devel-linux-x86_64-debian-clang 0.3-3 NOTE
r-devel-linux-x86_64-debian-gcc 0.3-3 12.58 130.60 143.18 NOTE
r-devel-linux-x86_64-fedora-clang 0.3-3 242.03 NOTE
r-devel-linux-x86_64-fedora-gcc 0.3-3 241.08 NOTE
r-devel-windows-x86_64 0.3-3 13.00 135.00 148.00 OK
r-patched-linux-x86_64 0.3-3 20.27 173.37 193.64 OK
r-release-linux-x86_64 0.3-3 9.40 172.70 182.10 OK
r-release-macos-arm64 0.3-3 51.00 OK
r-release-macos-x86_64 0.3-3 103.00 OK
r-release-windows-x86_64 0.3-3 17.00 176.00 193.00 OK
r-oldrel-macos-arm64 0.3-3 56.00 OK
r-oldrel-windows-x86_64 0.3-3 18.00 171.00 189.00 OK

Check Details

Version: 0.3-3
Check: Rd files
Result: NOTE checkRd: (-1) CovsAlignedToADesign-class.Rd:22: Lost braces; missing escapes or markup? 22 | specified stratum weight to the product of h_b (the harmonic mean of n_{tb} and | ^ checkRd: (-1) CovsAlignedToADesign-class.Rd:23: Lost braces; missing escapes or markup? 23 | n_{cb}, the counts of treatment and control clusters in stratum b) with bar-w_b, | ^ checkRd: (-1) DesignWeights.Rd:39: Lost braces; missing escapes or markup? 39 | mean of n_{tb} and n_{cb}, the number of treatment and control | ^ checkRd: (-1) DesignWeights.Rd:39: Lost braces; missing escapes or markup? 39 | mean of n_{tb} and n_{cb}, the number of treatment and control | ^ Flavors: r-devel-linux-x86_64-debian-clang, r-devel-linux-x86_64-debian-gcc, r-devel-linux-x86_64-fedora-clang, r-devel-linux-x86_64-fedora-gcc