CRAN Package Check Results for Package RKEEL

Last updated on 2022-01-25 22:57:08 CET.

Flavor Version Tinstall Tcheck Ttotal Status Flags
r-devel-linux-x86_64-debian-clang 1.3.3 101.94 105.66 207.60 OK
r-devel-linux-x86_64-debian-gcc 1.3.3 80.81 87.64 168.45 OK
r-devel-linux-x86_64-fedora-clang 1.3.3 274.27 NOTE
r-devel-linux-x86_64-fedora-gcc 1.3.3 261.08 NOTE
r-devel-windows-x86_64-new-UL 1.3.3 212.00 165.00 377.00 OK
r-devel-windows-x86_64-new-TK 1.3.3 NOTE
r-patched-linux-x86_64 1.3.3 98.65 102.18 200.83 OK
r-release-linux-x86_64 1.3.3 103.29 101.14 204.43 OK
r-release-macos-arm64 1.3.3 NOTE
r-release-macos-x86_64 1.3.3 NOTE
r-release-windows-ix86+x86_64 1.3.3 153.00 146.00 299.00 OK
r-oldrel-macos-x86_64 1.3.3 NOTE
r-oldrel-windows-ix86+x86_64 1.3.3 149.00 142.00 291.00 OK

Check Details

Version: 1.3.3
Check: dependencies in R code
Result: NOTE
    Namespaces in Imports field not imported from:
     ‘Matrix’ ‘arules’ ‘pmml’ ‘rJava’
     All declared Imports should be used.
Flavors: r-devel-linux-x86_64-fedora-clang, r-devel-linux-x86_64-fedora-gcc, r-devel-windows-x86_64-new-TK, r-release-macos-arm64, r-release-macos-x86_64, r-oldrel-macos-x86_64