CRAN Package Check Results for Package RKEELdata

Last updated on 2022-05-18 21:53:25 CEST.

Flavor Version Tinstall Tcheck Ttotal Status Flags
r-devel-linux-x86_64-debian-clang 1.0.5 2.80 29.17 31.97 OK
r-devel-linux-x86_64-debian-gcc 1.0.5 2.34 22.56 24.90 OK
r-devel-linux-x86_64-fedora-clang 1.0.5 37.73 NOTE
r-devel-linux-x86_64-fedora-gcc 1.0.5 37.09 OK
r-devel-windows-x86_64 1.0.5 38.00 41.00 79.00 NOTE
r-patched-linux-x86_64 1.0.5 2.08 28.69 30.77 OK
r-release-linux-x86_64 1.0.5 2.02 27.99 30.01 OK
r-release-macos-arm64 1.0.5 12.00 NOTE
r-release-macos-x86_64 1.0.5 23.00 NOTE
r-release-windows-x86_64 1.0.5 12.00 42.00 54.00 NOTE
r-oldrel-macos-arm64 1.0.5 16.00 NOTE
r-oldrel-macos-x86_64 1.0.5 25.00 NOTE
r-oldrel-windows-ix86+x86_64 1.0.5 10.00 30.00 40.00 NOTE

Check Details

Version: 1.0.5
Check: installed package size
Result: NOTE
     installed size is 10.3Mb
     sub-directories of 1Mb or more:
     datasets 10.2Mb
Flavors: r-devel-linux-x86_64-fedora-clang, r-devel-windows-x86_64, r-release-macos-arm64, r-release-macos-x86_64, r-release-windows-x86_64, r-oldrel-macos-arm64, r-oldrel-macos-x86_64, r-oldrel-windows-ix86+x86_64