CRAN Package Check Results for Package RMTL

Last updated on 2022-01-24 22:56:39 CET.

Flavor Version Tinstall Tcheck Ttotal Status Flags
r-devel-linux-x86_64-debian-clang 0.9 4.58 59.07 63.65 NOTE
r-devel-linux-x86_64-debian-gcc 0.9 3.68 43.98 47.66 NOTE
r-devel-linux-x86_64-fedora-clang 0.9 75.32 OK
r-devel-linux-x86_64-fedora-gcc 0.9 65.17 OK
r-devel-windows-x86_64-new-UL 0.9 20.00 53.00 73.00 FAIL
r-devel-windows-x86_64-new-TK 0.9 OK
r-patched-linux-x86_64 0.9 3.38 56.06 59.44 NOTE
r-release-linux-x86_64 0.9 4.64 54.91 59.55 NOTE
r-release-macos-arm64 0.9 OK
r-release-macos-x86_64 0.9 OK
r-release-windows-ix86+x86_64 0.9 9.00 69.00 78.00 NOTE
r-oldrel-macos-x86_64 0.9 OK
r-oldrel-windows-ix86+x86_64 0.9 8.00 67.00 75.00 NOTE

Check Details

Version: 0.9
Check: package vignettes
Result: NOTE
    Package vignette with placeholder title 'Vignette Title':
     'rmtl.Rmd'
Flavors: r-devel-linux-x86_64-debian-clang, r-devel-linux-x86_64-debian-gcc, r-devel-windows-x86_64-new-UL, r-patched-linux-x86_64, r-release-linux-x86_64, r-release-windows-ix86+x86_64, r-oldrel-windows-ix86+x86_64

Version: 0.9
Check: re-building of vignette outputs
Result: FAIL
Flavor: r-devel-windows-x86_64-new-UL