CRAN Package Check Results for Package RMixtCompIO

Last updated on 2022-01-27 23:01:16 CET.

Flavor Version Tinstall Tcheck Ttotal Status Flags
r-devel-linux-x86_64-debian-clang 4.0.7 330.15 180.57 510.72 OK
r-devel-linux-x86_64-debian-gcc 4.0.7 254.09 139.99 394.08 OK
r-devel-linux-x86_64-fedora-clang 4.0.7 745.74 NOTE
r-devel-linux-x86_64-fedora-gcc 4.0.7 665.03 OK
r-devel-windows-x86_64-new-UL 4.0.7 445.00 255.00 700.00 OK
r-devel-windows-x86_64-new-TK 4.0.7 OK
r-patched-linux-x86_64 4.0.7 299.87 172.61 472.48 OK
r-release-linux-x86_64 4.0.7 295.85 171.38 467.23 OK
r-release-macos-arm64 4.0.7 NOTE
r-release-macos-x86_64 4.0.7 NOTE
r-release-windows-ix86+x86_64 4.0.7 753.00 413.00 1166.00 OK
r-oldrel-macos-x86_64 4.0.7 NOTE
r-oldrel-windows-ix86+x86_64 4.0.7 757.00 409.00 1166.00 OK

Check Details

Version: 4.0.7
Check: installed package size
Result: NOTE
     installed size is 27.1Mb
     sub-directories of 1Mb or more:
     libs 26.9Mb
Flavors: r-devel-linux-x86_64-fedora-clang, r-release-macos-arm64, r-release-macos-x86_64, r-oldrel-macos-x86_64