CRAN Package Check Results for Package RNAseqQC

Last updated on 2024-02-27 23:08:24 CET.

Flavor Version Tinstall Tcheck Ttotal Status Flags
r-devel-linux-x86_64-debian-clang 0.1.4 36.30 500.95 537.25 OK
r-devel-linux-x86_64-debian-gcc 0.1.4 29.88 377.16 407.04 OK
r-devel-linux-x86_64-fedora-clang 0.1.4 689.26 NOTE
r-devel-linux-x86_64-fedora-gcc 0.1.4 706.51 OK
r-devel-windows-x86_64 0.1.4 34.00 387.00 421.00 NOTE
r-patched-linux-x86_64 0.1.4 38.80 504.99 543.79 OK
r-release-linux-x86_64 0.1.4 26.33 499.96 526.29 OK
r-release-macos-arm64 0.1.4 6.00 ERROR
r-release-macos-x86_64 0.1.4 334.00 NOTE
r-release-windows-x86_64 0.1.4 47.00 558.00 605.00 NOTE
r-oldrel-macos-arm64 0.1.4 190.00 NOTE
r-oldrel-windows-x86_64 0.1.4 52.00 573.00 625.00 NOTE

Check Details

Version: 0.1.4
Check: package dependencies
Result: NOTE Imports includes 24 non-default packages. Importing from so many packages makes the package vulnerable to any of them becoming unavailable. Move as many as possible to Suggests and use conditionally. Flavor: r-devel-linux-x86_64-fedora-clang

Version: 0.1.4
Check: installed package size
Result: NOTE installed size is 5.8Mb sub-directories of 1Mb or more: data 3.4Mb doc 2.2Mb Flavors: r-devel-linux-x86_64-fedora-clang, r-devel-windows-x86_64, r-release-macos-x86_64, r-release-windows-x86_64, r-oldrel-macos-arm64, r-oldrel-windows-x86_64

Version: 0.1.4
Check: package dependencies
Result: ERROR Package required but not available: ‘AnnotationHub’ Package suggested but not available for checking: ‘recount3’ See section ‘The DESCRIPTION file’ in the ‘Writing R Extensions’ manual. Flavor: r-release-macos-arm64

Version: 0.1.4
Check: package dependencies
Result: NOTE Package suggested but not available for checking: ‘recount3’ Flavors: r-release-macos-x86_64, r-oldrel-macos-arm64