CRAN Package Check Results for Package RNCEP

Last updated on 2021-12-04 22:59:45 CET.

Flavor Version Tinstall Tcheck Ttotal Status Flags
r-devel-linux-x86_64-debian-clang 1.0.10 19.63 117.03 136.66 OK
r-devel-linux-x86_64-debian-gcc 1.0.10 14.83 87.72 102.55 OK
r-devel-linux-x86_64-fedora-clang 1.0.10 168.48 NOTE
r-devel-linux-x86_64-fedora-gcc 1.0.10 157.84 OK
r-devel-windows-x86_64-new-UL 1.0.10 29.00 147.00 176.00 OK
r-devel-windows-x86_64-new-TK 1.0.10 OK
r-devel-windows-x86_64-old 1.0.10 24.00 84.00 108.00 OK
r-patched-linux-x86_64 1.0.10 23.38 102.58 125.96 OK
r-release-linux-x86_64 1.0.10 18.91 103.06 121.97 OK
r-release-macos-arm64 1.0.10 OK
r-release-macos-x86_64 1.0.10 OK
r-release-windows-ix86+x86_64 1.0.10 30.00 121.00 151.00 OK
r-oldrel-macos-x86_64 1.0.10 OK
r-oldrel-windows-ix86+x86_64 1.0.10 30.00 113.00 143.00 OK

Check Details

Version: 1.0.10
Check: Rd cross-references
Result: NOTE
    Undeclared packages ‘fossil’, ‘raster’ in Rd xrefs
Flavor: r-devel-linux-x86_64-fedora-clang