CRAN Package Check Results for Package RNetCDF

Last updated on 2022-05-27 22:52:05 CEST.

Flavor Version Tinstall Tcheck Ttotal Status Flags
r-devel-linux-x86_64-debian-clang 2.5-2 19.03 51.34 70.37 OK
r-devel-linux-x86_64-debian-gcc 2.5-2 11.64 39.97 51.61 OK
r-devel-linux-x86_64-fedora-clang 2.5-2 85.54 OK
r-devel-linux-x86_64-fedora-gcc 2.5-2 79.89 OK
r-devel-windows-x86_64 2.5-2 74.00 121.00 195.00 NOTE
r-patched-linux-x86_64 2.5-2 13.78 48.80 62.58 OK
r-release-linux-x86_64 2.5-2 11.08 48.73 59.81 OK
r-release-macos-arm64 2.5-2 44.00 NOTE
r-release-macos-x86_64 2.5-2 50.00 NOTE
r-release-windows-x86_64 2.5-2 88.00 116.00 204.00 NOTE
r-oldrel-macos-arm64 2.5-2 43.00 NOTE
r-oldrel-macos-x86_64 2.5-2 51.00 NOTE
r-oldrel-windows-ix86+x86_64 2.5-2 42.00 171.00 213.00 NOTE

Check Details

Version: 2.5-2
Check: installed package size
Result: NOTE
     installed size is 8.8Mb
     sub-directories of 1Mb or more:
     libs 8.5Mb
Flavors: r-devel-windows-x86_64, r-release-macos-arm64, r-release-macos-x86_64, r-release-windows-x86_64, r-oldrel-macos-arm64, r-oldrel-macos-x86_64, r-oldrel-windows-ix86+x86_64

Version: 2.5-2
Check: package dependencies
Result: NOTE
    Package which this enhances but not available for checking: ‘pbdMPI’
Flavors: r-release-macos-arm64, r-release-macos-x86_64, r-oldrel-macos-arm64, r-oldrel-macos-x86_64

Version: 2.5-2
Check: Rd cross-references
Result: NOTE
    Package unavailable to check Rd xrefs: ‘pbdMPI’
Flavors: r-release-macos-arm64, r-release-macos-x86_64, r-oldrel-macos-arm64, r-oldrel-macos-x86_64