Last updated on 2023-02-08 23:15:27 CET.
Flavor | Version | Tinstall | Tcheck | Ttotal | Status | Flags |
---|---|---|---|---|---|---|
r-devel-linux-x86_64-debian-clang | 0.1.0 | 6.09 | 47.18 | 53.27 | NOTE | |
r-devel-linux-x86_64-debian-gcc | 0.1.0 | 4.82 | 35.22 | 40.04 | NOTE | |
r-devel-linux-x86_64-fedora-clang | 0.1.0 | 70.71 | NOTE | |||
r-devel-linux-x86_64-fedora-gcc | 0.1.0 | 61.68 | NOTE | |||
r-devel-windows-x86_64 | 0.1.0 | 18.00 | 77.00 | 95.00 | NOTE | |
r-patched-linux-x86_64 | 0.1.0 | 6.32 | 46.85 | 53.17 | NOTE | |
r-release-linux-x86_64 | 0.1.0 | 5.10 | 46.29 | 51.39 | NOTE | |
r-release-macos-arm64 | 0.1.0 | 25.00 | NOTE | |||
r-release-macos-x86_64 | 0.1.0 | 48.00 | NOTE | |||
r-release-windows-x86_64 | 0.1.0 | 17.00 | 86.00 | 103.00 | NOTE | |
r-oldrel-macos-arm64 | 0.1.0 | 37.00 | NOTE | |||
r-oldrel-macos-x86_64 | 0.1.0 | 39.00 | NOTE | |||
r-oldrel-windows-ix86+x86_64 | 0.1.0 | 15.00 | 76.00 | 91.00 | NOTE |
Version: 0.1.0
Check: LazyData
Result: NOTE
'LazyData' is specified without a 'data' directory
Flavors: r-devel-linux-x86_64-debian-clang, r-devel-linux-x86_64-debian-gcc, r-devel-linux-x86_64-fedora-clang, r-devel-linux-x86_64-fedora-gcc, r-devel-windows-x86_64, r-patched-linux-x86_64, r-release-linux-x86_64, r-release-macos-arm64, r-release-macos-x86_64, r-release-windows-x86_64, r-oldrel-macos-arm64, r-oldrel-macos-x86_64, r-oldrel-windows-ix86+x86_64