CRAN Package Check Results for Package ROpenWeatherMap

Last updated on 2023-05-28 22:00:21 CEST.

Flavor Version Tinstall Tcheck Ttotal Status Flags
r-devel-linux-x86_64-debian-clang 1.1 3.11 28.12 31.23 NOTE
r-devel-linux-x86_64-debian-gcc 1.1 2.46 22.13 24.59 NOTE
r-devel-linux-x86_64-fedora-clang 1.1 40.45 NOTE
r-devel-linux-x86_64-fedora-gcc 1.1 39.77 NOTE
r-devel-windows-x86_64 1.1 4.00 43.00 47.00 NOTE
r-patched-linux-x86_64 1.1 2.63 27.75 30.38 NOTE
r-release-linux-x86_64 1.1 2.88 27.47 30.35 NOTE
r-release-macos-arm64 1.1 16.00 NOTE
r-release-macos-x86_64 1.1 22.00 NOTE
r-release-windows-x86_64 1.1 4.00 43.00 47.00 NOTE
r-oldrel-macos-arm64 1.1 14.00 NOTE
r-oldrel-macos-x86_64 1.1 25.00 NOTE
r-oldrel-windows-x86_64 1.1 4.00 47.00 51.00 NOTE

Check Details

Version: 1.1
Check: LazyData
Result: NOTE
     'LazyData' is specified without a 'data' directory
Flavors: r-devel-linux-x86_64-debian-clang, r-devel-linux-x86_64-debian-gcc, r-devel-linux-x86_64-fedora-clang, r-devel-linux-x86_64-fedora-gcc, r-devel-windows-x86_64, r-patched-linux-x86_64, r-release-linux-x86_64, r-release-macos-arm64, r-release-macos-x86_64, r-release-windows-x86_64, r-oldrel-macos-arm64, r-oldrel-macos-x86_64, r-oldrel-windows-x86_64