CRAN Package Check Results for Package RPPanalyzer

Last updated on 2021-12-04 22:59:45 CET.

Flavor Version Tinstall Tcheck Ttotal Status Flags
r-devel-linux-x86_64-debian-clang 1.4.7 21.93 185.72 207.65 OK
r-devel-linux-x86_64-debian-gcc 1.4.7 18.57 140.61 159.18 OK
r-devel-linux-x86_64-fedora-clang 1.4.7 253.77 NOTE
r-devel-linux-x86_64-fedora-gcc 1.4.7 242.21 OK
r-devel-windows-x86_64-new-UL 1.4.7 40.00 260.00 300.00 NOTE
r-devel-windows-x86_64-new-TK 1.4.7 OK
r-devel-windows-x86_64-old 1.4.7 36.00 174.00 210.00 NOTE
r-patched-linux-x86_64 1.4.7 23.06 168.84 191.90 OK
r-release-linux-x86_64 1.4.7 23.41 167.99 191.40 OK
r-release-macos-arm64 1.4.7 NOTE
r-release-macos-x86_64 1.4.7 NOTE
r-release-windows-ix86+x86_64 1.4.7 51.00 232.00 283.00 NOTE
r-oldrel-macos-x86_64 1.4.7 NOTE
r-oldrel-windows-ix86+x86_64 1.4.7 53.00 223.00 276.00 NOTE

Check Details

Version: 1.4.7
Check: installed package size
Result: NOTE
     installed size is 5.4Mb
     sub-directories of 1Mb or more:
     extdata 4.5Mb
Flavors: r-devel-linux-x86_64-fedora-clang, r-devel-windows-x86_64-new-UL, r-devel-windows-x86_64-old, r-release-macos-arm64, r-release-macos-x86_64, r-release-windows-ix86+x86_64, r-oldrel-macos-x86_64, r-oldrel-windows-ix86+x86_64